[INFO] cloning repository https://github.com/danigm/gnome-tour
[INFO] running `Command { std: "git" "-c" "credential.helper=" "-c" "credential.helper=/workspace/cargo-home/bin/git-credential-null" "clone" "--bare" "https://github.com/danigm/gnome-tour" "/workspace/cache/git-repos/https%3A%2F%2Fgithub.com%2Fdanigm%2Fgnome-tour", kill_on_drop: false }`
[INFO] [stderr] Cloning into bare repository '/workspace/cache/git-repos/https%3A%2F%2Fgithub.com%2Fdanigm%2Fgnome-tour'...
[INFO] running `Command { std: "git" "rev-parse" "HEAD", kill_on_drop: false }`
[INFO] [stdout] 6ada7753b863deb81dce657d317e949e69746d29
[INFO] checking danigm/gnome-tour against try#72f88fc4e9458f89516a0b8b0868f3718aec5b47 for pr-74989
[INFO] running `Command { std: "git" "clone" "/workspace/cache/git-repos/https%3A%2F%2Fgithub.com%2Fdanigm%2Fgnome-tour" "/workspace/builds/worker-11/source", kill_on_drop: false }`
[INFO] [stderr] Cloning into '/workspace/builds/worker-11/source'...
[INFO] [stderr] done.
[INFO] validating manifest of git repo https://github.com/danigm/gnome-tour on toolchain 72f88fc4e9458f89516a0b8b0868f3718aec5b47
[INFO] running `Command { std: "/workspace/cargo-home/bin/cargo" "+72f88fc4e9458f89516a0b8b0868f3718aec5b47" "read-manifest" "--manifest-path" "Cargo.toml", kill_on_drop: false }`
[INFO] started tweaking git repo https://github.com/danigm/gnome-tour
[INFO] finished tweaking git repo https://github.com/danigm/gnome-tour
[INFO] tweaked toml for git repo https://github.com/danigm/gnome-tour written to /workspace/builds/worker-11/source/Cargo.toml
[INFO] crate git repo https://github.com/danigm/gnome-tour already has a lockfile, it will not be regenerated
[INFO] running `Command { std: "/workspace/cargo-home/bin/cargo" "+72f88fc4e9458f89516a0b8b0868f3718aec5b47" "fetch" "--locked" "--manifest-path" "Cargo.toml", kill_on_drop: false }`
[INFO] [stderr]     Blocking waiting for file lock on package cache
[INFO] [stderr]     Blocking waiting for file lock on package cache
[INFO] [stderr]  Downloading crates ...
[INFO] [stderr]   Downloaded cairo-sys-rs v0.9.2
[INFO] [stderr]   Downloaded gdk v0.12.1
[INFO] [stderr]   Downloaded gdk-pixbuf v0.8.0
[INFO] [stderr]   Downloaded atk v0.8.0
[INFO] [stderr]   Downloaded gio v0.8.1
[INFO] [stderr]   Downloaded gdk-sys v0.9.1
[INFO] [stderr]   Downloaded gio-sys v0.9.1
[INFO] [stderr]   Downloaded pango v0.8.0
[INFO] [stderr]   Downloaded glib-sys v0.9.1
[INFO] [stderr]   Downloaded pango-sys v0.9.1
[INFO] [stderr]   Downloaded gtk v0.8.1
[INFO] [stderr]   Downloaded cairo-rs v0.8.0
[INFO] [stderr]   Downloaded atk-sys v0.9.1
[INFO] [stderr]   Downloaded gtk-sys v0.9.2
[INFO] [stderr]   Downloaded gdk-pixbuf-sys v0.9.1
[INFO] [stderr]   Downloaded gobject-sys v0.9.1
[INFO] [stderr]   Downloaded gettext-rs v0.4.1
[INFO] [stderr]   Downloaded glib v0.9.2
[INFO] [stderr]   Downloaded gettext-sys v0.19.8
[INFO] running `Command { std: "docker" "create" "-v" "/var/lib/crater-agent-workspace/builds/worker-11/target:/opt/rustwide/target:rw,Z" "-v" "/var/lib/crater-agent-workspace/builds/worker-11/source:/opt/rustwide/workdir:ro,Z" "-v" "/var/lib/crater-agent-workspace/cargo-home:/opt/rustwide/cargo-home:ro,Z" "-v" "/var/lib/crater-agent-workspace/rustup-home:/opt/rustwide/rustup-home:ro,Z" "-e" "SOURCE_DIR=/opt/rustwide/workdir" "-e" "CARGO_TARGET_DIR=/opt/rustwide/target" "-e" "CARGO_HOME=/opt/rustwide/cargo-home" "-e" "RUSTUP_HOME=/opt/rustwide/rustup-home" "-w" "/opt/rustwide/workdir" "-m" "1610612736" "--user" "0:0" "--network" "none" "rustops/crates-build-env@sha256:d92eaeed33fa75130ca1ee6c8a01d1ffb62bac859dfdfb3450e3e5d1c0146529" "/opt/rustwide/cargo-home/bin/cargo" "+72f88fc4e9458f89516a0b8b0868f3718aec5b47" "metadata" "--no-deps" "--format-version=1", kill_on_drop: false }`
[INFO] [stdout] b5191013cf90f655e4cca29eeda092eeb18eee7ae6379c50fae52ec0460300fd
[INFO] [stderr] WARNING: Your kernel does not support swap limit capabilities or the cgroup is not mounted. Memory limited without swap.
[INFO] running `Command { std: "docker" "start" "-a" "b5191013cf90f655e4cca29eeda092eeb18eee7ae6379c50fae52ec0460300fd", kill_on_drop: false }`
[INFO] running `Command { std: "docker" "inspect" "b5191013cf90f655e4cca29eeda092eeb18eee7ae6379c50fae52ec0460300fd", kill_on_drop: false }`
[INFO] running `Command { std: "docker" "rm" "-f" "b5191013cf90f655e4cca29eeda092eeb18eee7ae6379c50fae52ec0460300fd", kill_on_drop: false }`
[INFO] [stdout] b5191013cf90f655e4cca29eeda092eeb18eee7ae6379c50fae52ec0460300fd
[INFO] running `Command { std: "docker" "create" "-v" "/var/lib/crater-agent-workspace/builds/worker-11/target:/opt/rustwide/target:rw,Z" "-v" "/var/lib/crater-agent-workspace/builds/worker-11/source:/opt/rustwide/workdir:ro,Z" "-v" "/var/lib/crater-agent-workspace/cargo-home:/opt/rustwide/cargo-home:ro,Z" "-v" "/var/lib/crater-agent-workspace/rustup-home:/opt/rustwide/rustup-home:ro,Z" "-e" "SOURCE_DIR=/opt/rustwide/workdir" "-e" "CARGO_TARGET_DIR=/opt/rustwide/target" "-e" "CARGO_INCREMENTAL=0" "-e" "RUST_BACKTRACE=full" "-e" "RUSTFLAGS=--cap-lints=forbid" "-e" "CARGO_HOME=/opt/rustwide/cargo-home" "-e" "RUSTUP_HOME=/opt/rustwide/rustup-home" "-w" "/opt/rustwide/workdir" "-m" "1610612736" "--user" "0:0" "--network" "none" "rustops/crates-build-env@sha256:d92eaeed33fa75130ca1ee6c8a01d1ffb62bac859dfdfb3450e3e5d1c0146529" "/opt/rustwide/cargo-home/bin/cargo" "+72f88fc4e9458f89516a0b8b0868f3718aec5b47" "check" "--frozen" "--all" "--all-targets" "--message-format=json", kill_on_drop: false }`
[INFO] [stdout] dab3bd3a5093b9365c19aac3ddbea2681b5b6149582bbbb7541a18fcb3442711
[INFO] [stderr] WARNING: Your kernel does not support swap limit capabilities or the cgroup is not mounted. Memory limited without swap.
[INFO] running `Command { std: "docker" "start" "-a" "dab3bd3a5093b9365c19aac3ddbea2681b5b6149582bbbb7541a18fcb3442711", kill_on_drop: false }`
[INFO] [stderr]     Blocking waiting for file lock on package cache
[INFO] [stderr]    Compiling pkg-config v0.3.14
[INFO] [stderr]    Compiling libc v0.2.59
[INFO] [stderr]    Compiling syn v1.0.13
[INFO] [stderr]     Checking lazy_static v1.3.0
[INFO] [stderr]     Checking futures-core v0.3.1
[INFO] [stderr]    Compiling bitflags v1.1.0
[INFO] [stderr]     Checking futures-task v0.3.1
[INFO] [stderr]    Compiling memchr v2.2.1
[INFO] [stderr]    Compiling cairo-rs v0.8.0
[INFO] [stderr]     Checking ucd-util v0.1.3
[INFO] [stderr]    Compiling regex v1.1.9
[INFO] [stderr]     Checking futures-io v0.3.1
[INFO] [stderr]    Compiling gdk v0.12.1
[INFO] [stderr]     Checking utf8-ranges v1.0.3
[INFO] [stderr]    Compiling gtk v0.8.1
[INFO] [stderr]    Compiling log v0.4.7
[INFO] [stderr]     Checking cfg-if v0.1.9
[INFO] [stderr]    Compiling gettext-sys v0.19.8
[INFO] [stderr]     Checking thread_local v0.3.6
[INFO] [stderr]     Checking regex-syntax v0.6.8
[INFO] [stderr]    Compiling proc-macro2 v1.0.7
[INFO] [stderr]     Checking futures-channel v0.3.1
[INFO] [stderr]    Compiling glib-sys v0.9.1
[INFO] [stderr]    Compiling gobject-sys v0.9.1
[INFO] [stderr]    Compiling gio-sys v0.9.1
[INFO] [stderr]    Compiling pango-sys v0.9.1
[INFO] [stderr]    Compiling gdk-pixbuf-sys v0.9.1
[INFO] [stderr]    Compiling cairo-sys-rs v0.9.2
[INFO] [stderr]    Compiling gdk-sys v0.9.1
[INFO] [stderr]    Compiling atk-sys v0.9.1
[INFO] [stderr]    Compiling gtk-sys v0.9.2
[INFO] [stderr]    Compiling quote v1.0.2
[INFO] [stderr]     Checking aho-corasick v0.7.4
[INFO] [stderr]    Compiling atk v0.8.0
[INFO] [stderr]    Compiling pango v0.8.0
[INFO] [stderr]    Compiling gio v0.8.1
[INFO] [stderr]    Compiling gdk-pixbuf v0.8.0
[INFO] [stderr]     Checking locale_config v0.2.3
[INFO] [stderr]     Checking gettext-rs v0.4.1
[INFO] [stderr]    Compiling proc-macro-hack v0.5.11
[INFO] [stderr]    Compiling futures-macro v0.3.1
[INFO] [stderr]     Checking futures-util v0.3.1
[INFO] [stderr]     Checking futures-executor v0.3.1
[INFO] [stderr]     Checking glib v0.9.2
[INFO] [stderr]     Checking gnome-tour v0.0.1 (/opt/rustwide/workdir)
[INFO] [stdout] error[E0583]: file not found for module `config`
[INFO] [stdout]  --> src/main.rs:9:1
[INFO] [stdout]   |
[INFO] [stdout] 9 | mod config;
[INFO] [stdout]   | ^^^^^^^^^^^
[INFO] [stdout]   |
[INFO] [stdout]   = help: to create the module `config`, create file "src/config.rs"
[INFO] [stdout] 
[INFO] [stdout] 
[INFO] [stdout] error[E0583]: file not found for module `static_resources`
[INFO] [stdout]   --> src/main.rs:10:1
[INFO] [stdout]    |
[INFO] [stdout] 10 | mod static_resources;
[INFO] [stdout]    | ^^^^^^^^^^^^^^^^^^^^^
[INFO] [stdout]    |
[INFO] [stdout]    = help: to create the module `static_resources`, create file "src/static_resources.rs"
[INFO] [stdout] 
[INFO] [stdout] 
[INFO] [stdout] error[E0583]: file not found for module `config`
[INFO] [stdout]  --> src/main.rs:9:1
[INFO] [stdout]   |
[INFO] [stdout] 9 | mod config;
[INFO] [stdout]   | ^^^^^^^^^^^
[INFO] [stdout]   |
[INFO] [stdout]   = help: to create the module `config`, create file "src/config.rs"
[INFO] [stdout] 
[INFO] [stdout] 
[INFO] [stdout] error[E0583]: file not found for module `static_resources`
[INFO] [stdout]   --> src/main.rs:10:1
[INFO] [stdout]    |
[INFO] [stdout] 10 | mod static_resources;
[INFO] [stdout]    | ^^^^^^^^^^^^^^^^^^^^^
[INFO] [stdout]    |
[INFO] [stdout]    = help: to create the module `static_resources`, create file "src/static_resources.rs"
[INFO] [stdout] 
[INFO] [stdout] 
[INFO] [stdout] error[E0432]: unresolved import `crate::config::PROFILE`
[INFO] [stdout]  --> src/widgets/window.rs:7:5
[INFO] [stdout]   |
[INFO] [stdout] 7 | use crate::config::PROFILE;
[INFO] [stdout]   |     ^^^^^^^^^^^^^^^^^^^^^^ no `PROFILE` in `config`
[INFO] [stdout] 
[INFO] [stdout] 
[INFO] [stdout] error[E0432]: unresolved imports `config::GETTEXT_PACKAGE`, `config::LOCALEDIR`
[INFO] [stdout]   --> src/main.rs:15:14
[INFO] [stdout]    |
[INFO] [stdout] 15 | use config::{GETTEXT_PACKAGE, LOCALEDIR};
[INFO] [stdout]    |              ^^^^^^^^^^^^^^^  ^^^^^^^^^ no `LOCALEDIR` in `config`
[INFO] [stdout]    |              |
[INFO] [stdout]    |              no `GETTEXT_PACKAGE` in `config`
[INFO] [stdout] 
[INFO] [stdout] 
[INFO] [stdout] error[E0432]: unresolved import `crate::config::PROFILE`
[INFO] [stdout]  --> src/widgets/window.rs:7:5
[INFO] [stdout]   |
[INFO] [stdout] 7 | use crate::config::PROFILE;
[INFO] [stdout]   |     ^^^^^^^^^^^^^^^^^^^^^^ no `PROFILE` in `config`
[INFO] [stdout] 
[INFO] [stdout] 
[INFO] [stdout] error[E0432]: unresolved imports `config::GETTEXT_PACKAGE`, `config::LOCALEDIR`
[INFO] [stdout]   --> src/main.rs:15:14
[INFO] [stdout]    |
[INFO] [stdout] 15 | use config::{GETTEXT_PACKAGE, LOCALEDIR};
[INFO] [stdout]    |              ^^^^^^^^^^^^^^^  ^^^^^^^^^ no `LOCALEDIR` in `config`
[INFO] [stdout]    |              |
[INFO] [stdout]    |              no `GETTEXT_PACKAGE` in `config`
[INFO] [stdout] 
[INFO] [stdout] 
[INFO] [stdout] error[E0425]: cannot find value `APP_ID` in module `config`
[INFO] [stdout]   --> src/application.rs:16:54
[INFO] [stdout]    |
[INFO] [stdout] 16 |         let app = gtk::Application::new(Some(config::APP_ID), gio::ApplicationFlags::FLAGS_NONE).unwrap();
[INFO] [stdout]    |                                                      ^^^^^^ not found in `config`
[INFO] [stdout] 
[INFO] [stdout] 
[INFO] [stdout] error[E0425]: cannot find value `NAME_SUFFIX` in module `config`
[INFO] [stdout]    --> src/application.rs:100:44
[INFO] [stdout]     |
[INFO] [stdout] 100 |         info!("GNOME Tour{} ({})", config::NAME_SUFFIX, config::APP_ID);
[INFO] [stdout]     |                                            ^^^^^^^^^^^ not found in `config`
[INFO] [stdout] 
[INFO] [stdout] 
[INFO] [stdout] error[E0425]: cannot find value `APP_ID` in module `config`
[INFO] [stdout]    --> src/application.rs:100:65
[INFO] [stdout]     |
[INFO] [stdout] 100 |         info!("GNOME Tour{} ({})", config::NAME_SUFFIX, config::APP_ID);
[INFO] [stdout]     |                                                                 ^^^^^^ not found in `config`
[INFO] [stdout] 
[INFO] [stdout] 
[INFO] [stdout] error[E0425]: cannot find value `VERSION` in module `config`
[INFO] [stdout]    --> src/application.rs:101:43
[INFO] [stdout]     |
[INFO] [stdout] 101 |         info!("Version: {} ({})", config::VERSION, config::PROFILE);
[INFO] [stdout]     |                                           ^^^^^^^ not found in `config`
[INFO] [stdout] 
[INFO] [stdout] 
[INFO] [stdout] error[E0425]: cannot find value `PROFILE` in module `config`
[INFO] [stdout]    --> src/application.rs:101:60
[INFO] [stdout]     |
[INFO] [stdout] 101 |         info!("Version: {} ({})", config::VERSION, config::PROFILE);
[INFO] [stdout]     |                                                            ^^^^^^^ not found in `config`
[INFO] [stdout] 
[INFO] [stdout] 
[INFO] [stdout] error[E0425]: cannot find value `PKGDATADIR` in module `config`
[INFO] [stdout]    --> src/application.rs:102:38
[INFO] [stdout]     |
[INFO] [stdout] 102 |         info!("Datadir: {}", config::PKGDATADIR);
[INFO] [stdout]     |                                      ^^^^^^^^^^ not found in `config`
[INFO] [stdout] 
[INFO] [stdout] 
[INFO] [stdout] error[E0425]: cannot find value `DISTRO_NAME` in module `config`
[INFO] [stdout]   --> src/widgets/pages/welcome.rs:29:87
[INFO] [stdout]    |
[INFO] [stdout] 29 |         let title = gtk::Label::new(Some(&gettext(format!("Welcome to {} {}", config::DISTRO_NAME, config::DISTRO_VERSION))));
[INFO] [stdout]    |                                                                                       ^^^^^^^^^^^ not found in `config`
[INFO] [stdout] 
[INFO] [stdout] 
[INFO] [stdout] error[E0425]: cannot find value `DISTRO_VERSION` in module `config`
[INFO] [stdout]   --> src/widgets/pages/welcome.rs:29:108
[INFO] [stdout]    |
[INFO] [stdout] 29 |         let title = gtk::Label::new(Some(&gettext(format!("Welcome to {} {}", config::DISTRO_NAME, config::DISTRO_VERSION))));
[INFO] [stdout]    |                                                                                                            ^^^^^^^^^^^^^^ not found in `config`
[INFO] [stdout] 
[INFO] [stdout] 
[INFO] [stdout] error[E0425]: cannot find value `NAME_SUFFIX` in module `config`
[INFO] [stdout]   --> src/main.rs:23:59
[INFO] [stdout]    |
[INFO] [stdout] 23 |     glib::set_application_name(&format!("Tour{}", config::NAME_SUFFIX));
[INFO] [stdout]    |                                                           ^^^^^^^^^^^ not found in `config`
[INFO] [stdout] 
[INFO] [stdout] 
[INFO] [stdout] error[E0425]: cannot find function `init` in module `static_resources`
[INFO] [stdout]   --> src/main.rs:28:23
[INFO] [stdout]    |
[INFO] [stdout] 28 |     static_resources::init().expect("Failed to initialize the resource file.");
[INFO] [stdout]    |                       ^^^^ not found in `static_resources`
[INFO] [stdout]    |
[INFO] [stdout] help: consider importing one of these items
[INFO] [stdout]    |
[INFO] [stdout] 6  | use crate::application::env::sys::args::imp::init;
[INFO] [stdout]    |
[INFO] [stdout] 6  | use crate::application::env::sys::args::init;
[INFO] [stdout]    |
[INFO] [stdout] 6  | use crate::application::env::sys::ext::net::sys_common::at_exit_imp::init;
[INFO] [stdout]    |
[INFO] [stdout] 6  | use crate::application::env::sys::ext::net::sys_common::net::init;
[INFO] [stdout]    |
[INFO] [stdout]      and 5 other candidates
[INFO] [stdout] 
[INFO] [stdout] 
[INFO] [stdout] error[E0425]: cannot find value `APP_ID` in module `config`
[INFO] [stdout]   --> src/application.rs:16:54
[INFO] [stdout]    |
[INFO] [stdout] 16 |         let app = gtk::Application::new(Some(config::APP_ID), gio::ApplicationFlags::FLAGS_NONE).unwrap();
[INFO] [stdout]    |                                                      ^^^^^^ not found in `config`
[INFO] [stdout] 
[INFO] [stdout] 
[INFO] [stdout] error[E0425]: cannot find value `NAME_SUFFIX` in module `config`
[INFO] [stdout]    --> src/application.rs:100:44
[INFO] [stdout]     |
[INFO] [stdout] 100 |         info!("GNOME Tour{} ({})", config::NAME_SUFFIX, config::APP_ID);
[INFO] [stdout]     |                                            ^^^^^^^^^^^ not found in `config`
[INFO] [stdout] 
[INFO] [stdout] 
[INFO] [stdout] error[E0425]: cannot find value `APP_ID` in module `config`
[INFO] [stdout]    --> src/application.rs:100:65
[INFO] [stdout]     |
[INFO] [stdout] 100 |         info!("GNOME Tour{} ({})", config::NAME_SUFFIX, config::APP_ID);
[INFO] [stdout]     |                                                                 ^^^^^^ not found in `config`
[INFO] [stdout] 
[INFO] [stdout] 
[INFO] [stdout] error[E0425]: cannot find value `VERSION` in module `config`
[INFO] [stdout]    --> src/application.rs:101:43
[INFO] [stdout]     |
[INFO] [stdout] 101 |         info!("Version: {} ({})", config::VERSION, config::PROFILE);
[INFO] [stdout]     |                                           ^^^^^^^ not found in `config`
[INFO] [stdout] 
[INFO] [stdout] 
[INFO] [stdout] error[E0425]: cannot find value `PROFILE` in module `config`
[INFO] [stdout]    --> src/application.rs:101:60
[INFO] [stdout]     |
[INFO] [stdout] 101 |         info!("Version: {} ({})", config::VERSION, config::PROFILE);
[INFO] [stdout]     |                                                            ^^^^^^^ not found in `config`
[INFO] [stdout] 
[INFO] [stdout] 
[INFO] [stdout] error[E0425]: cannot find value `PKGDATADIR` in module `config`
[INFO] [stdout]    --> src/application.rs:102:38
[INFO] [stdout]     |
[INFO] [stdout] 102 |         info!("Datadir: {}", config::PKGDATADIR);
[INFO] [stdout]     |                                      ^^^^^^^^^^ not found in `config`
[INFO] [stdout] 
[INFO] [stdout] 
[INFO] [stdout] error[E0425]: cannot find value `DISTRO_NAME` in module `config`
[INFO] [stdout]   --> src/widgets/pages/welcome.rs:29:87
[INFO] [stdout]    |
[INFO] [stdout] 29 |         let title = gtk::Label::new(Some(&gettext(format!("Welcome to {} {}", config::DISTRO_NAME, config::DISTRO_VERSION))));
[INFO] [stdout]    |                                                                                       ^^^^^^^^^^^ not found in `config`
[INFO] [stdout] 
[INFO] [stdout] 
[INFO] [stdout] error[E0425]: cannot find value `DISTRO_VERSION` in module `config`
[INFO] [stdout]   --> src/widgets/pages/welcome.rs:29:108
[INFO] [stdout]    |
[INFO] [stdout] 29 |         let title = gtk::Label::new(Some(&gettext(format!("Welcome to {} {}", config::DISTRO_NAME, config::DISTRO_VERSION))));
[INFO] [stdout]    |                                                                                                            ^^^^^^^^^^^^^^ not found in `config`
[INFO] [stdout] 
[INFO] [stdout] 
[INFO] [stdout] error[E0425]: cannot find value `NAME_SUFFIX` in module `config`
[INFO] [stdout]   --> src/main.rs:23:59
[INFO] [stdout]    |
[INFO] [stdout] 23 |     glib::set_application_name(&format!("Tour{}", config::NAME_SUFFIX));
[INFO] [stdout]    |                                                           ^^^^^^^^^^^ not found in `config`
[INFO] [stdout] 
[INFO] [stdout] 
[INFO] [stdout] error[E0425]: cannot find function `init` in module `static_resources`
[INFO] [stdout]   --> src/main.rs:28:23
[INFO] [stdout]    |
[INFO] [stdout] 28 |     static_resources::init().expect("Failed to initialize the resource file.");
[INFO] [stdout]    |                       ^^^^ not found in `static_resources`
[INFO] [stdout]    |
[INFO] [stdout] help: consider importing one of these items
[INFO] [stdout]    |
[INFO] [stdout] 6  | use crate::application::env::sys::args::imp::init;
[INFO] [stdout]    |
[INFO] [stdout] 6  | use crate::application::env::sys::args::init;
[INFO] [stdout]    |
[INFO] [stdout] 6  | use crate::application::env::sys::ext::net::sys_common::at_exit_imp::init;
[INFO] [stdout]    |
[INFO] [stdout] 6  | use crate::application::env::sys::ext::net::sys_common::net::init;
[INFO] [stdout]    |
[INFO] [stdout]      and 5 other candidates
[INFO] [stdout] 
[INFO] [stdout] 
[INFO] [stdout] error: aborting due to 14 previous errors
[INFO] [stdout] 
[INFO] [stdout] 
[INFO] [stdout] Some errors have detailed explanations: E0425, E0432, E0583.
[INFO] [stdout] 
[INFO] [stdout] For more information about an error, try `rustc --explain E0425`.
[INFO] [stdout] 
[INFO] [stdout] error: aborting due to 14 previous errors
[INFO] [stdout] 
[INFO] [stdout] 
[INFO] [stdout] Some errors have detailed explanations: E0425, E0432, E0583.
[INFO] [stdout] 
[INFO] [stdout] For more information about an error, try `rustc --explain E0425`.
[INFO] [stdout] 
[INFO] [stderr] error: could not compile `gnome-tour`.
[INFO] [stderr] 
[INFO] [stderr] To learn more, run the command again with --verbose.
[INFO] [stderr] warning: build failed, waiting for other jobs to finish...
[INFO] [stderr] error: build failed
[INFO] running `Command { std: "docker" "inspect" "dab3bd3a5093b9365c19aac3ddbea2681b5b6149582bbbb7541a18fcb3442711", kill_on_drop: false }`
[INFO] running `Command { std: "docker" "rm" "-f" "dab3bd3a5093b9365c19aac3ddbea2681b5b6149582bbbb7541a18fcb3442711", kill_on_drop: false }`
[INFO] [stdout] dab3bd3a5093b9365c19aac3ddbea2681b5b6149582bbbb7541a18fcb3442711
